*r**2. Is q(-2) a composite number?
True
Let s be (-2)/(-14) + (-26)/(-14). Suppose -17*u + 16*u + s = 0. Suppose u*y = 7*y - 545. Is y prime?
True
Let g be (-4)/26 + 486/117. Suppose -3*p - 4*s = 1, -3 = -g*p - s + 13. Suppose 0 = -p*v + 3*v + 130. Is v a prime number?
False
Let m(p) = -10*p**3 - p**2 + 3*p + 9. Is m(-5) a prime number?
False
Let k be ((-32)/(-24))/((-4)/(-54)). Suppose -2*q = q + k. Let p = 103 - q. Is p prime?
True
Let k(v) = v**3 + 7*v**2 - 7*v + 18. Let w be k(-8). Suppose w*x - 207 = 2363. Is x a prime number?
True
Suppose 62*r - 7*r - 74965 = 0. Is r a prime number?
False
Let h = 2 - 11. Let w = h - -13. Suppose w*b = b + 21. Is b prime?
True
Let x be -1 + 64/(-1 + 5). Suppose -10*d = -x*d. Suppose -3*a + a + 118 = d. Is a a composite number?
False
Suppose 8 + 16 = x. Suppose 0 = -x*m + 29*m - 1305. Suppose -5*q + 4*i = -m, -5*i = -0*q - q + 69. Is q composite?
True
Let i(n) = 24*n - 17 + 16*n + n. Let t be i(7). Let k = t + 379. Is k prime?
False
Let h be (28/(-56))/(1/(-4)). Suppose 4*p = 3*s + 4681, -h*p - 2*s + 2345 = s. Is p prime?
True
Suppose -34*j - 55758 = -36*j. Is j a prime number?
False
Suppose -28797 = -3*v + o + 8325, -5*o = -4*v + 49507. Is v prime?
True
Suppose 11*k = 13*k - 8. Let c be k/(2/(-5)*-5). Is c/(-4)*(2 + -976) composite?
False
Suppose 76532 = 3*b + 2*n - 21074, 5*n = -4*b + 130146. Is b a composite number?
True
Suppose -2*n - 3*h + 99130 = 0, -4 = -h - 0. Is n a composite number?
False
Let a(y) = y**2 - 2*y - 5. Let r be a(4). Is 522*r - (3 - 0) prime?
False
Let d be (-6108)/(-15) + 1/(-5). Let r = d + -230. Is r prime?
False
Suppose -4*b = 4 + 44. Is -1*2*((-65394)/b)/(-9) a composite number?
True
Is (-3 - -3) + 1741*10/2 a prime number?
False
Let c = -4843 - -7292. Is c composite?
True
Is ((-3630)/(-9) - 3)*(-399)/(-19) composite?
True
Let r(x) be the third derivative of -x**4/24 + 179*x**3/6 - 2*x**2. Let u(q) = -q + 20. Let b be u(20). Is r(b) a prime number?
True
Suppose 69*f - 29*f = 514120. Is f prime?
True
Suppose -108*a + 100*a + 242632 = 0. Is a a prime number?
False
Let b be (7 - 3) + 10*9. Let j = 133 - b. Is j a prime number?
False
Suppose -2791 = -p + 3*z, -4 = 3*z + 2. Is p composite?
True
Let u be (3/(-5))/(1/5*-1). Is (-215)/(-15)*u*(-1 - -2) a composite number?
False
Let m be (-39)/(-15) - (-4)/10. Suppose 0 = 5*r - 15, 0*r = m*b - 3*r - 2964. Is b prime?
True
Suppose -1085 = -5*h + 160. Is 20/10 + (h - 0) a prime number?
True
Let o(p) = -6*p**3 + 8*p**2 - 7*p - 2. Let u(f) = 7*f**3 - 7*f**2 + 6*f + 1. Let i(c) = -6*o(c) - 5*u(c). Let q be i(12). Suppose q*y = 2*y + 1515. Is y prime?
False
Let q(i) = -6*i**3 + i**2 + 19*i + 13. Let m(v) = v**2 + 26*v + 13. Let c be m(-25). Is q(c) a composite number?
True
Let y = -8 + 12. Let z(b) = 38*b**2 - 10*b - 12. Let o be z(5). Suppose -3*k = -4*r - 7*k + o, y*r - 880 = 4*k. Is r a prime number?
False
Let f = 606 + 755. Is f composite?
False
Let r(m) = 334*m - 24. Let q be r(5). Let h = q - 1013. Is h a prime number?
False
Let z(i) = -3*i - 12. Let g be z(-5). Suppose p - 4*p - 3*y = -48, 2*p - 17 = g*y. Is p a prime number?
True
Let x = 194 - 33. Suppose -d + 170 + x = 0. Is d prime?
True
Let u(s) = s**2 + 2*s - 10. Let l be u(9). Let v = -12 + l. Is v a composite number?
True
Is ((-3558)/(-4))/((-36)/(-312)) composite?
True
Let h(u) = 213*u - 62. Is h(15) a prime number?
False
Let l = 12011 - -1556. Is l a composite number?
False
Suppose -u = -3*y - 1045 - 1311, -2*u - 2*y + 4704 = 0. Is u composite?
True
Suppose 2*m + 4*d = -m + 2213, -3*m - 5*d + 2212 = 0. Is m a composite number?
False
Is (22/(-77))/(4/(-166418)) prime?
True
Let y = 43210 + -26877. Is y composite?
False
Let z(b) = b - 2. Let x = -16 + 18. Let h be z(x). Suppose -v + h*v + 179 = 0. Is v prime?
True
Let d(j) = 3*j**2 - 2*j - 35. Let r(y) = 3*y**2 - 3*y - 36. Let g(z) = 5*d(z) - 4*r(z). Is g(6) composite?
False
Let l(i) = i - 3. Let r be l(-6). Let s = r + 9. Is (-70)/(-4)*(2 - s) prime?
False
Let n(f) = f - 11. Let u be n(6). Let o = -3 + u. Is 4*(3 + (-92)/o) a prime number?
False
Suppose -5*s - 2*f - 2*f = -8575, -4*f = 4*s - 6864. Is s composite?
True
Let x = 1198 - 459. Is x*(2 - 3)*-1 prime?
True
Suppose 118*a = 3536945 + 14343477. Is a a prime number?
False
Let o(m) = 37*m**2 - m + 1. Suppose 5*k - 2*w = 60, 60 = 3*k + 4*w - 2. Suppose 9*d = k*d - 5. Is o(d) a prime number?
True
Let r(i) = -i**3 - 10*i**2 - 14*i + 1. Let l be r(-12). Suppose 124 - l = -w. Suppose -w = -2*s - s. Is s composite?
True
Let a be (18/4)/(((-6)/8)/(-1)). Let c(w) = -w + w + 6*w**2 + 9 - 4*w. Is c(a) a prime number?
False
Let a = 25 + -20. Suppose a - 13 = -2*b. Suppose -5*k = h - 1530, -k - 2*h + 1535 = b*k. Is k a composite number?
True
Suppose z + 16 = 15, -3*t - 2*z + 109387 = 0. Is t prime?
False
Suppose 5*b + 2*a = 55, 0 = 3*b + 3*a - 23 - 19. Is -2 - (4 - b) - -50 composite?
False
Let z(g) = -1790*g + 247. Is z(-5) prime?
False
Suppose 728459 = -11*p + 2174574. Is p a composite number?
True
Let c(b) = 2*b**2 + 4*b + 1 + b**3 - 4*b**2 - 17. Is c(7) prime?
True
Let j = -51 - -59. Let b = j + 255. Is b prime?
True
Suppose -3*q = -p - 10755, -3*q + 5*p = -2*q - 3585. Let b = q - 1552. Is b composite?
True
Suppose -46*r + 51*r = 43805. Is r a prime number?
True
Let k(j) = -j**2 - 2*j + 5. Let p be k(-3). Suppose -p*v + 154 = -4. Is v prime?
True
Suppose 2020 = x - 297. Is x a composite number?
True
Let s = 1567 + -8. Is s composite?
False
Let t = -5 - -14. Suppose -t = 3*b, -w - b + 379 = -0*b. Suppose -2*c + 5*o + 402 = 0, 2*o - w - 259 = -3*c. Is c a prime number?
True
Is 41131*1/5*35/7 a prime number?
True
Let o(c) = -2*c**2 + 11*c - 5. Let t be o(5). Suppose 2*v + 13 - 207 = t. Is v composite?
False
Let v = -27499 + 49428. Is v composite?
False
Suppose -244 + 42 = -2*g. Suppose 0 = -b + g + 198. Is b prime?
False
Let y(w) = 2*w**3 - 6*w**2 - 7*w + 7. Suppose -2*q = -4*i - 462, 0*q + 465 = -4*i + q. Let g be i/(-21) + (-3)/(-7). Is y(g) a composite number?
False
Let w be (-15)/20 + (-45)/4. Let y be 6 - w/(0 - 3). Suppose v - 1055 = -4*s, 0 = 2*v + s - y*s - 2110. Is v prime?
False
Let s be (200/15 - -4)*6. Suppose -2250 = -5*t + 3*w, -4*t + w = -1897 + s. Is t a composite number?
True
Let r(c) = 5*c**2 - c + 2. Let j be r(1). Let t(a) = 129*a + 13. Is t(j) prime?
True
Let m(u) = u**2 - u. Let r be m(-1). Let b be r/(4*3/30). Suppose 0 = b*f - 1976 - 269. Is f composite?
False
Is 5/((-50)/(-107135)) - (-4)/(-8) prime?
False
Let n(d) = -d**3 - 3*d**2 - d - 7. Suppose 2*k = 2*v - 0*v - 4, 2*k - 5*v + 16 = 0. Suppose 5*x + 20 - k = w, 6 = -2*x + w. Is n(x) composite?
False
Let g(l) = -2*l + 7. Let k be g(5). Is (53/k)/((-2)/6) a composite number?
False
Let n(f) = -f - 13. Let w be n(-17). Suppose 7*u = w*u + 897. Is u prime?
False
Suppose -169*l = -3*q - 172*l + 94491, -2*q + 2*l = -62986. Is q prime?
False
Suppose 0*j = -27*j + 546453. Is j a prime number?
False
Let b(t) = 2*t**2 + 7*t - 15. Let r be b(-5). Let y be 0/(-2 + 3 + 1). Is -1 - (y - 23 - r) a prime number?
False
Let f be ((-11)/((-55)/(-60)))/(-2). Is 3/f*(-2722)/(-1) a prime number?
True
Let l be (-1 + 2 + -7)/(-2). Suppose -h + l*h - 4 = 0. Suppose 2*c + 2*m - 172 = 0, 7 = -h*m + 1. Is c a prime number?
True
Let v = -25 - -23. Let j be (-201)/(-3) - (v + 2). Suppose -2*w - r + j = 0, -2*r + 72 = 5*w - 3*w. Is w a prime number?
True
Let i(v) = 167*v**2 + 62. Is i(9) a composite number?
True
Let n(p) = 2*p**2 - 11*p. Suppose 0 = -g + 2*g - 8. Let m be n(g). Is (-16551)/(-19) - m/380 prime?
False
Let s(t) = -t**2 + 12*t - 8. Let w be s(11). Suppose 2*m - w*m = -15421. Is m prime?
False
Let a(j) be the second derivative of -4*j**3/3 - 13*j**2/2 - 2*j. Let z = 13 + -17. Is a(z) prime?
True
Let a = 5580 + 3323. Is a a composite number?
True
Let w = 18 + -4. Let p = 59 - w. Let h = 638 - p. Is h a composite number?
False
Let p = 5 + -4. Suppose -l + 5 = p. Suppose a + 2*a - 1126 = -y, l*y = -3*a + 1111. Is a prime?
False
Let s be (3 + -7 + 4)/2. Suppose -5*f + 368 + 2537 = s. Is f a composite number?
True
Let o(s) be the third derivative of -35*s**4/4 + 11*s**3/6 - 6*s**2. Is o(-3) composite?
False
Is (-34)/204 - 73382/(-12) prime?
False
Suppose -4*p - 5*b = -15883, 33*b + 3973 = p + 35*b. Is p prime?
True
Let a(x) = 6